{"id":46,"date":"2025-03-07T15:44:39","date_gmt":"2025-03-07T14:44:39","guid":{"rendered":"https:\/\/sv-nimritz.2ix.de\/startseite\/?page_id=46"},"modified":"2025-03-07T17:51:54","modified_gmt":"2025-03-07T16:51:54","slug":"beitragsordnung","status":"publish","type":"page","link":"https:\/\/sv-nimritz.2ix.de\/startseite\/beitragsordnung","title":{"rendered":"Beitragsordnung"},"content":{"rendered":"\n<p>Die Aufnahmegeb\u00fchr und Jahresbeitrag wird wie folgt ge\u00e4ndert:<br><strong>1. Aufnahmegeb\u00fchr (ab 23.03.2024)<br><\/strong><br>Erwachsene 100,-\u20ac<br>Jugendliche ( bis 21 ) 50,-\u20ac<br><br><strong>2. Jahresbeitrag (ab 01.01.2025)<\/strong><br>Erwachsene 120,-\u20ac<br>Lebenspartner 60,-\u20ac<br>Jugendliche\/Azubis\/Studenten ( bis 21 ) 60,-\u20ac<br>F\u00f6rdernde Mitglieder 60,-\u20ac<\/p>\n\n\n\n<p><strong>3. Beitragszahlung<\/strong><br>&#8211; nur per Lastschrift &#8211;<\/p>\n\n\n\n<p><strong>4. Umlage von R\u00fcckbuchungen bzw. S\u00e4umniszuschl\u00e4ge<\/strong><br>Setzt ein Mitglied die Ursache f\u00fcr eine R\u00fcckbuchung selbst z.B.: &#8211; \u00c4nderung seiner Bankverbindung nicht mitgeteilt &#8211; R\u00fcckbuchungsauftrag durch das Mitglied &#8211; Konto weist keine ausreichende Deckung aus ist der Verein berechtigt &#8211; die R\u00fcckgeb\u00fchr der Raifeisenbank P\u00f6\u00dfneck vom Mitglied einzufordern &#8211; ge\u00e4ndert.einen S\u00e4umniszuschlag von monatlich 1% der Gesamtforderung zu erheben.<br><br>Stand 23.03.2024<\/p>\n","protected":false},"excerpt":{"rendered":"<p>Die Aufnahmegeb\u00fchr und Jahresbeitrag wird wie folgt ge\u00e4ndert:1. Aufnahmegeb\u00fchr (ab 23.03.2024)Erwachsene 100,-\u20acJugendliche ( bis 21 ) 50,-\u20ac 2. Jahresbeitrag (ab 01.01.2025)Erwachsene 120,-\u20acLebenspartner 60,-\u20acJugendliche\/Azubis\/Studenten ( bis 21 ) 60,-\u20acF\u00f6rdernde Mitglieder 60,-\u20ac 3. Beitragszahlung&#8211; nur per Lastschrift &#8211; 4. Umlage von R\u00fcckbuchungen bzw. S\u00e4umniszuschl\u00e4geSetzt ein Mitglied die Ursache f\u00fcr eine R\u00fcckbuchung selbst z.B.: &#8211; \u00c4nderung seiner Bankverbindung nicht mitgeteilt &#8211; R\u00fcckbuchungsauftrag durch das Mitglied &#8211; Konto weist keine ausreichende Deckung aus ist der Verein berechtigt &#8211; die R\u00fcckgeb\u00fchr der Raifeisenbank P\u00f6\u00dfneck vom Mitglied einzufordern &#8211; ge\u00e4ndert.einen S\u00e4umniszuschlag von monatlich 1% der Gesamtforderung zu erheben. Stand 23.03.2024<\/p>\n","protected":false},"author":1,"featured_media":0,"parent":0,"menu_order":0,"comment_status":"closed","ping_status":"closed","template":"","meta":{"footnotes":""},"class_list":["post-46","page","type-page","status-publish","hentry"],"_links":{"self":[{"href":"https:\/\/sv-nimritz.2ix.de\/startseite\/wp-json\/wp\/v2\/pages\/46","targetHints":{"allow":["GET"]}}],"collection":[{"href":"https:\/\/sv-nimritz.2ix.de\/startseite\/wp-json\/wp\/v2\/pages"}],"about":[{"href":"https:\/\/sv-nimritz.2ix.de\/startseite\/wp-json\/wp\/v2\/types\/page"}],"author":[{"embeddable":true,"href":"https:\/\/sv-nimritz.2ix.de\/startseite\/wp-json\/wp\/v2\/users\/1"}],"replies":[{"embeddable":true,"href":"https:\/\/sv-nimritz.2ix.de\/startseite\/wp-json\/wp\/v2\/comments?post=46"}],"version-history":[{"count":2,"href":"https:\/\/sv-nimritz.2ix.de\/startseite\/wp-json\/wp\/v2\/pages\/46\/revisions"}],"predecessor-version":[{"id":135,"href":"https:\/\/sv-nimritz.2ix.de\/startseite\/wp-json\/wp\/v2\/pages\/46\/revisions\/135"}],"wp:attachment":[{"href":"https:\/\/sv-nimritz.2ix.de\/startseite\/wp-json\/wp\/v2\/media?parent=46"}],"curies":[{"name":"wp","href":"https:\/\/api.w.org\/{rel}","templated":true}]}}