{"id":48,"date":"2025-03-07T15:44:39","date_gmt":"2025-03-07T14:44:39","guid":{"rendered":"https:\/\/sv-nimritz.2ix.de\/startseite\/?page_id=48"},"modified":"2025-03-07T17:56:12","modified_gmt":"2025-03-07T16:56:12","slug":"sponsoren","status":"publish","type":"page","link":"https:\/\/sv-nimritz.2ix.de\/startseite\/sponsoren","title":{"rendered":"Sponsoren"},"content":{"rendered":"\n<figure class=\"wp-block-table\"><table class=\"has-fixed-layout\"><tbody><tr><td class=\"has-text-align-right\" data-align=\"right\"><img decoding=\"async\" src=\"https:\/\/sv-nimritz.2ix.de\/wp-content\/uploads\/2025\/03\/ba4e83c4-65db-4548-be7e-39cdeef1f2e4-1.webp\" alt=\"\" style=\"\"><\/td><td class=\"has-text-align-left\" data-align=\"left\"><strong>Naturrind Orlatal GbR<\/strong><br>Schweinitzer Weg 6<br>07381 Langenorla<\/td><\/tr><tr><td class=\"has-text-align-right\" data-align=\"right\"><img decoding=\"async\" style=\"\" src=\"https:\/\/sv-nimritz.2ix.de\/wp-content\/uploads\/2025\/03\/4053f81a-24d1-4546-ad9c-63376006021e.webp\" alt=\"\"><\/td><td class=\"has-text-align-left\" data-align=\"left\">Autoteile D\u00f6pel<br>Saalfelder Stra\u00dfe 74a<br>07381 P\u00f6\u00dfneck<\/td><\/tr><tr><td class=\"has-text-align-right\" data-align=\"right\"><img decoding=\"async\" src=\"https:\/\/sv-nimritz.2ix.de\/wp-content\/uploads\/2025\/03\/7c65a24e-6092-4811-81ae-9a9d7a567208.webp\" alt=\"\"><\/td><td class=\"has-text-align-left\" data-align=\"left\"><strong>Fa. O\u00dfwald GmbH<\/strong><br>Landtechnik Elektro Bauschlosserei<br>07389 Grobengereuth 0rtsstra\u00dfe 6c<\/td><\/tr><tr><td class=\"has-text-align-right\" data-align=\"right\"><img decoding=\"async\" src=\"https:\/\/sv-nimritz.2ix.de\/wp-content\/uploads\/2025\/03\/62288115-8f69-44e3-b416-2ec98a99f234.webp\" alt=\"\"><\/td><td class=\"has-text-align-left\" data-align=\"left\"><strong>B-H-V-Agentur<\/strong><br>Beratung- Handel-Vermittlung<br>Ortsstra\u00dfe 3 07389 Gertewitz\u00a0<br>Telnr : (03647) 421200<\/td><\/tr><tr><td class=\"has-text-align-right\" data-align=\"right\"><img decoding=\"async\" src=\"https:\/\/sv-nimritz.2ix.de\/wp-content\/uploads\/2025\/03\/47afdf02-e295-48b7-a8da-72b4a0512d56.webp\" alt=\"\"><\/td><td class=\"has-text-align-left\" data-align=\"left\">Muhm Automobile\u00a0 \u00a0 \u00a0 \u00a0 \u00a0 \u00a0 \u00a0 \u00a0<br>Thomas Muhm\u00a0 \u00a0 \u00a0 \u00a0 \u00a0 \u00a0 \u00a0 \u00a0<br>Im Weinberg 6\u00a0 \u00a0 \u00a0 \u00a0 \u00a0 \u00a0 <br>07381 Nimritz<\/td><\/tr><\/tbody><\/table><\/figure>\n\n\n\n<p><\/p>\n","protected":false},"excerpt":{"rendered":"<p>Naturrind Orlatal GbRSchweinitzer Weg 607381 Langenorla Autoteile D\u00f6pelSaalfelder Stra\u00dfe 74a07381 P\u00f6\u00dfneck Fa. O\u00dfwald GmbHLandtechnik Elektro Bauschlosserei07389 Grobengereuth 0rtsstra\u00dfe 6c B-H-V-AgenturBeratung- Handel-VermittlungOrtsstra\u00dfe 3 07389 Gertewitz\u00a0Telnr : (03647) 421200 Muhm Automobile\u00a0 \u00a0 \u00a0 \u00a0 \u00a0 \u00a0 \u00a0 \u00a0Thomas Muhm\u00a0 \u00a0 \u00a0 \u00a0 \u00a0 \u00a0 \u00a0 \u00a0Im Weinberg 6\u00a0 \u00a0 \u00a0 \u00a0 \u00a0 \u00a0 07381 Nimritz<\/p>\n","protected":false},"author":1,"featured_media":0,"parent":0,"menu_order":0,"comment_status":"closed","ping_status":"closed","template":"","meta":{"footnotes":""},"class_list":["post-48","page","type-page","status-publish","hentry"],"_links":{"self":[{"href":"https:\/\/sv-nimritz.2ix.de\/startseite\/wp-json\/wp\/v2\/pages\/48","targetHints":{"allow":["GET"]}}],"collection":[{"href":"https:\/\/sv-nimritz.2ix.de\/startseite\/wp-json\/wp\/v2\/pages"}],"about":[{"href":"https:\/\/sv-nimritz.2ix.de\/startseite\/wp-json\/wp\/v2\/types\/page"}],"author":[{"embeddable":true,"href":"https:\/\/sv-nimritz.2ix.de\/startseite\/wp-json\/wp\/v2\/users\/1"}],"replies":[{"embeddable":true,"href":"https:\/\/sv-nimritz.2ix.de\/startseite\/wp-json\/wp\/v2\/comments?post=48"}],"version-history":[{"count":4,"href":"https:\/\/sv-nimritz.2ix.de\/startseite\/wp-json\/wp\/v2\/pages\/48\/revisions"}],"predecessor-version":[{"id":145,"href":"https:\/\/sv-nimritz.2ix.de\/startseite\/wp-json\/wp\/v2\/pages\/48\/revisions\/145"}],"wp:attachment":[{"href":"https:\/\/sv-nimritz.2ix.de\/startseite\/wp-json\/wp\/v2\/media?parent=48"}],"curies":[{"name":"wp","href":"https:\/\/api.w.org\/{rel}","templated":true}]}}